ne s(4).
4
Let t(m) = 9*m**2 - 3*m + 2. Give t(1).
8
Let a(i) = 7*i - 326. Calculate a(46).
-4
Let v(z) = z**3 - 18*z**2 + 2. Determine v(18).
2
Let i(a) = -4*a + 32. Calculate i(9).
-4
Let l(o) = -o**2 - 6*o + 4. Give l(-5).
9
Let l(i) = -i**2 - 30*i + 94. Calculate l(-33).
-5
Let f(r) = -4*r**3 + r**2 - 1. What is f(2)?
-29
Let g(d) = 5*d + 164. Give g(-32).
4
Let x(n) = 2*n**3 + 12*n**2 - 5*n - 41. Give x(-6).
-11
Let b(v) = 3*v**2 + 18*v + 5. Determine b(-5).
-10
Let r(x) = x**2 - 20*x - 41. What is r(22)?
3
Let c(f) = f**2 + 12*f - 22. Determine c(-13).
-9
Let w(m) = -242*m - 1214. What is w(-5)?
-4
Let l(k) = -8*k - 76. Calculate l(-8).
-12
Let v(a) = -14*a - 34. Give v(-3).
8
Let f(r) = r**2 + 3*r - 70. Calculate f(-10).
0
Let r(y) = y**2 + 28*y + 53. Determine r(-26).
1
Let d(f) = -f**2 - f - 26. Give d(0).
-26
Let c(y) = -18*y. Calculate c(4).
-72
Let v(s) = -32*s**2 + 3*s - 2. Determine v(1).
-31
Let m(h) = -8*h - 9. Determine m(5).
-49
Let p(i) = i**3 - 2*i**2 - 15*i - 6. Give p(5).
-6
Let v(l) = 2*l**2 - 13*l + 11. Give v(7).
18
Let y(h) = -9*h**3 - 3*h**2 + 2. Give y(-2).
62
Let x(k) = k**3 + 6*k**2 - 8*k - 6. What is x(-7)?
1
Let l(m) = -14*m + 2. Give l(-6).
86
Let t(o) = o**2 + 23*o - 12. Give t(-18).
-102
Let u(g) = g**2 - 29*g + 105. What is u(4)?
5
Let z(f) = -f**2 - 19*f + 19. Determine z(-20).
-1
Let q(z) = -5*z + 9. Give q(7).
-26
Let t(b) = 2*b**3 + 8*b**2 + 9*b + 8. Determine t(-5).
-87
Let u(g) = -g**3 - 10*g**2 - 10*g + 10. Determine u(-10).
110
Let g(x) = -30*x - 406. What is g(-14)?
14
Let i(l) = l**2 - 16*l + 14. What is i(11)?
-41
Let z(p) = 6*p + 70. What is z(-14)?
-14
Let w(x) = 12*x - 77. What is w(8)?
19
Let v(w) = w**2 - 4*w + 9. What is v(2)?
5
Let p(f) = -3*f**2 + 4*f - 2. Give p(1).
-1
Let q(s) = s - 17. Calculate q(5).
-12
Let l(p) = -p**2 + 19*p - 53. What is l(16)?
-5
Let x(j) = -j**3 - 9*j**2 + 16*j + 59. Determine x(-10).
-1
Let k(o) = -6*o - 59. Give k(-8).
-11
Let n(k) = -k**2 - 10*k + 2. What is n(-11)?
-9
Let r(y) = -14*y + 60. Determine r(5).
-10
Let h(x) = x**3 - 4*x**2 + 6*x - 8. Determine h(4).
16
Let b(a) = a**3 + 9*a**2 + 8*a + 2. Determine b(-8).
2
Let p(h) = h**3 - 10*h**2 + 11*h + 7. Calculate p(8).
-33
Let i(k) = k**2 + 9*k - 25. Calculate i(-11).
-3
Let t(o) = 2*o**2 - 17*o - 16. Calculate t(11).
39
Let d(s) = -s**2 + 7*s + 13. Give d(0).
13
Let m(d) = -d**3 + 9*d**2 + d + 7. Calculate m(9).
16
Let w(d) = d**3 - 7*d**2 - 5*d + 5. Calculate w(7).
-30
Let w(o) = -o**3 - 13*o**2 + 9. Calculate w(-13).
9
Let n(l) = 3*l - 100. What is n(32)?
-4
Let b(v) = -v - 70. Calculate b(-58).
-12
Let t(k) = 13*k + 1. Calculate t(-1).
-12
Let g(l) = 6*l + 88. What is g(-15)?
-2
Let d(n) = 9*n - 142. Give d(16).
2
Let g(v) = 14*v + 6. Determine g(-2).
-22
Let t(n) = n**2 - 21*n + 86. Calculate t(15).
-4
Let a(j) = -j**2 - 45*j - 414. Determine a(-13).
2
Let m(t) = -15*t + 101. Determine m(6).
11
Let p(t) = 26*t**2 - 730*t + 52. Give p(28).
-4
Let y(t) = t**3 + 8*t**2 - 15*t - 144. Determine y(-6).
18
Let j(n) = 13*n**3 + n + 1. Give j(-1).
-13
Let k(y) = -y**3 - 14*y**2 + 13*y - 9. Calculate k(-15).
21
Let g(v) = v**2 - 13*v + 37. Determine g(7).
-5
Let f(n) = n**3 + 10*n**2 + 14*n + 12. What is f(-9)?
-33
Let i(t) = 2*t**2 - 13*t + 6. What is i(7)?
13
Let u(c) = 2*c**3 + 2*c - 1. Give u(1).
3
Let q(c) = c**3 + 8*c**2 + 8*c + 19. Give q(-7).
12
Let k(x) = -x**3 + 5*x**2 - 6*x + 1. Give k(4).
-7
Let d(j) = j**2 + 14*j + 35. Determine d(-11).
2
Let g(v) = -v**2 + 5*v + 4. Determine g(5).
4
Let s(k) = 5*k - 1. What is s(11)?
54
Let o(u) = -2*u**3 - 72*u**2 - 2*u - 77. What is o(-36)?
-5
Let o(r) = 2*r**2 + 7*r + 27. Calculate o(-8).
99
Let d(s) = 9*s - 23. What is d(2)?
-5
Let g(i) = -2*i**2 + 9*i - 5. Calculate g(4).
-1
Let f(d) = 6*d - 8. Calculate f(2).
4
Let w(h) = -h**2 + h - 17. Calculate w(7).
-59
Let h(k) = 3*k**2 + 3*k + 1. What is h(4)?
61
Let w(j) = j**2 + 5*j - 16. Calculate w(-8).
8
Let b(g) = 2*g**2 + 3*g - 6. Calculate b(-6).
48
Let t(j) = 2*j**3 + 26*j**2 + 25*j + 11. Calculate t(-12).
-1
Let b(g) = -g**3 + 39*g**2 - 36*g - 125. Calculate b(38).
-49
Let t(r) = -12*r. Determine t(-2).
24
Let o(s) = 5*s**2 + s - 2. Determine o(-2).
16
Let q(f) = 4*f - 1. Determine q(5).
19
Let j(i) = 3*i - 33. Give j(4).
-21
Let v(a) = a**2 + 24*a + 102. What is v(-19)?
7
Let f(b) = b**2 + 4*b - 3. What is f(-4)?
-3
Let a(h) = -22*h - 60. Calculate a(-3).
6
Let u(w) = w**3 - 6*w**2 + w - 5. Calculate u(6).
1
Let l(v) = v**2 + 34*v + 69. Give l(-32).
5
Let l(b) = -6*b**2 + 16*b + 1. Give l(3).
-5
Let o(b) = -b**2 - 5*b + 5. Determine o(-6).
-1
Let o(z) = 14*z**2. Determine o(2).
56
Let q(r) = 12*r**3 - 3*r**2 - 3*r + 1. Calculate q(-2).
-101
Let f(w) = -10*w + 19. Calculate f(8).
-61
Let s(x) = x - 12. Give s(-6).
-18
Let c(m) = -5*m - 22. What is c(-4)?
-2
Let u(a) = a**3 - 33*a**2 + 32*a - 14. Calculate u(32).
-14
Let g(d) = -10*d + 4. Determine g(1).
-6
Let c(h) = -h**2 - 2*h + 26. Calculate c(-13).
-117
Let o(i) = 2*i - 24. Calculate o(11).
-2
Let x(i) = 8*i - 15. What is x(4)?
17
Let q(p) = -17*p - 188. Determine q(-11).
-1
Let y(f) = f**3 + 4*f**2 - 3*f + 8. Calculate y(-4).
20
Let n(c) = c**2 - 2*c - 112. Calculate n(0).
-112
Let s(c) = c**3 - 15*c**2 + 12*c - 1. Calculate s(14).
-29
Let n(j) = -3*j**2 + 6*j + 99. Give n(7).
-6
Let a(v) = -5*v + 42. Give a(12).
-18
Let o(w) = w**2 + 21*w - 57. Determine o(-24).
15
Let s(f) = -f**2 - 4*f - 19. What is s(-5)?
-24
Let x(y) = -y**2 - 31*y + 308. Give x(8).
-4
Let b(q) = -q + 8. Calculate b(-10).
18
Let l(k) = -2*k**2 - 2*k. Calculate l(2).
-12
Let t(j) = 8*j**2 + 48*j + 47. Calculate t(-1).
7
Let q(r) = r**3 - 6*r**2 - 2*r + 15. What is q(-4)?
-137
Let i(m) = 3*m**3 + 3*m**2 + m + 2. Determine i(-2).
-12
Let a(d) = 4*d - 9. Determine a(7).
19
Let f(p) = p**3 - 8*p**2 + 8*p - 9. Give f(7).
-2
Let y(b) = b**3 - b**2 - 5*b + 7. What is y(2)?
1
Let a(s) = s**3 + 9*s**2 - 7*s - 3. Give a(-10).
-33
Let y(c) = -40*c**3. What is y(-1)?
40
Let g(s) = -31*s + 72. Give g(4).
-52
Let n(u) = u**3 - 19*u**2 + 84*u + 42. Calculate n(11).
-2
Let b(k) = k**3 - 23*k**2 + 3*k - 69. Calculate b(23).
0
Let y(u) = -51*u - 46. Give y(-1).
5
Let i(g) = g**3 - 19*g**2 - 19*g - 36. Give i(20).
-16
Let n(q) = 2*q**3 - 18*q**2 - 19*q + 1. Determine n(10).
11
Let v(g) = -g**2 + 18*g - 8. Determine v(12).
64
Let x(i) = i. What is x(2)?
2
Let l(d) = -4*d - 2. What is l(-4)?
14
Let o(k) = k**3 + 17*k**2 - 20*k - 15. Calculate o(-18).
21
Let n(p) = -6*p - 17. Give n(-5).
13
Let c(a) = -4*a + 39. What is c(6)?
15
Let h(n) = 6*n - 57. Give h(0).
-57
Let c(s) = 7*s - 3. Calculate c(-2).
-17
Let w(h) = -h**3 + 5*h**2 - 12*h + 87. Give w(6).
-21
Let i(h) = -h**3 + 13*h**2 - 14*h + 24. Give i(12).
0
Let y(u) = -u**3 + 42*u**2 - 41*u + 3. Calculate y(41).
3
Let w(v) = v**2 + 2*v + 4. Calculate w(-3).
7
Let o(w) = -w + 29. Determine o(18).
11
Let l(f) = 8*f**2 - 1. Determine l(-1).
7
Let t(m) = 18*m**2 - 163*m - 10. Determine t(9).
-19
Let f(y) = -y**2 - 12*y - 11. Calculate f(-11).
0
Let j(l) = l**3 + 8*l**2 + 3*l + 10. Determine j(-8).
-14
Let c(s) = -4*s - 1. Give c(-2).
7
Let q(p) = -p + 11. Calculate q(-6).
17
Let y(w) = -8*w + 51. What is y(7)?
-5
Let o(n) = -10*n - 10. Calculate o(1).
-20
Let g(j) = 5*j**3 + 23*j**2 + 9*j - 3. What is g(-4)?
9
Let l(k) = k + 1. Give l(5).
6
Let w(l) = -4*l + 8. Give w(-2).
16
Let c(i) = i**2 - 6*i - 1. Give c(8).
15
Let s(o) = -3*o + 23. Determine s(-19).
80
Let c(h) = -h**2 + 15*h + 14. Give c(16).
-2
Let t(c) = -c**3 - 16*c**2 - 18*c - 36. Calculate t(-15).
9
Let k(a) = -2*a**2 - 14*a + 25. Give k(-9).
-11
Let z(x) = -24*x + 17. Calculate z(-5).
137
Let a(t) = 54*t + 264. Give a(-5).
-6
Let i(j) = j**2 - 18*j + 72. What is i(12)?
0
Let n(t) = -t**2 - 10*t - 7. Give n(-5).
18
Let u(c) = 4*c - 2. Determine u(-3).
-14
Let h(b) = 2*b**2 + 29*b + 8. Calculate h(-14).
-6
Let j(d) = d**2 + 11*d - 8. What is j(-12)?
4
Let j(m) = -m**3 - 31*m**2 + 4*m + 75. Calculate j(-31).
-49
Let w(o) = -o + 25. Determine w(2).
23
Let n(c) = 12*c. Calculate n(0).
0
Let o(k) = k**2 - 5*k + 7. What is o(3)?
1
Let j(o) = -4*o**2 - 2*o - 1. Give j(-1).
-3
Let o(t) = t**3 + 4*t**2 - 4*t - 17. What is o(-2)?
-1
Let d(b) = b + 17. Give d(-10).
7
Let b(k) = -11*k - 4. Give b(-6).
